6*g(t) - 5*w(t). What is k(-3)?
7
Let y(q) = 6*q + 2*q + q**2 - 5*q - 2*q - 9. Calculate y(0).
-9
Let c(m) = 6*m**2 + m - 8. Suppose -p + 0*v + 8 = -v, -4 = -5*p - 4*v. Let i(d) = 5*d**2 + d - 7. Let a(j) = p*c(j) - 5*i(j). What is a(0)?
3
Let z = 1 - 5. Let y(g) = -g**2 - 4. Let k(j) = -2*j**2 - j - 8. Let b(n) = 6*k(n) - 11*y(n). Calculate b(z).
4
Let l(s) be the second derivative of -s**5/20 + s**4/12 - s**2/2 - 3*s. Let x(y) = -y**3 - 4*y**2 + 3*y + 1. Let r(k) = 2*l(k) - x(k). Give r(5).
7
Let n(v) = -v**2 - 3*v. Suppose -4*p = -p. Suppose -2*u + 3*u + 4 = p. What is n(u)?
-4
Let a be 2/8 + (-42)/(-24). Let q(j) = 3 - 3 - a*j + 8. What is q(6)?
-4
Let d(p) = -2*p**3 + 3*p**2 - 4*p + 3. Let a be 3*2*(13 - 12). Suppose u + a = 4*u. Determine d(u).
-9
Let i = 0 + 3. Suppose i*m - 5*q = 0, 3*q + 16 = -5*m + 6*q. Let o(n) = 3*n**2 - n**3 - 9*n**2 - 6 - 5*n + 0*n**2. Calculate o(m).
-6
Let j(t) = -3*t + 10 - 6 - 6 + 4*t. What is j(-3)?
-5
Let u = 5 - 5. Suppose w = -n + 8 - 0, -3*w - 5*n + 30 = u. Let b(a) = -a**3 + 6*a**2 - 5*a + 4. Give b(w).
4
Suppose -40*p + 3*p + 222 = 0. Let s(l) be the first derivative of -l**2/2 + 3*l - 1. Give s(p).
-3
Let d(r) = 11*r + 2. Let h = 5 - 10. Let s(q) = 6*q + 1. Let b(m) = h*s(m) + 3*d(m). Let u be (-3)/9*(4 - 1). Give b(u).
-2
Suppose -2*u = -3*s + 8, 7*s = 3*s + u + 19. Let k(t) = -t**3 + 5*t**2 + 2*t + 2. Calculate k(s).
-22
Suppose -4*b + 9 = -7. Let t(f) = -f - 2. Let p be t(b). Let a = p + 4. Let s(u) = -u**3 - u**2 - 2. Calculate s(a).
2
Let r(w) = 5*w**3 - 2*w**2 + 1. Let m be r(-1). Let u(v) = -2*v + 88 - 3*v - v**2 - 82. Determine u(m).
0
Let k(l) be the second derivative of 0 - 1/20*l**5 + 1/6*l**3 - 3*l**2 + 5/12*l**4 + 5*l. What is k(5)?
-1
Let w(a) = a**2 - 3*a - 3. Let u be w(-1). Let x(r) = -6*r**2 - r. Give x(u).
-7
Let x = -4 + 7. Let i(g) be the first derivative of 3*g + 1/2*g**2 + 6. Determine i(x).
6
Suppose -4*m = 4*g + 12, 2*g - 5*g - 9 = -4*m. Suppose 0 = -m*k - 2*k + 12. Let o(y) = -y**2 + 6*y - 3. What is o(k)?
-3
Let b(z) = -z**2 + 4*z - 1. Let p(i) = -i**3 + 4*i**2 - 2*i. Let a = 8 - 5. Let y be p(a). Suppose -2*j + y = -5. Determine b(j).
-1
Let x = 8/7 - -5/14. Let s(u) be the first derivative of 1/4*u**4 - u**3 - 4*u - x*u**2 + 1. What is s(4)?
0
Let c(k) = -6*k + 1 + 7*k - 2*k - 6. Let o(w) = -w**2 + 3*w - 2. Let l be o(2). Give c(l).
-5
Let g(o) = -2*o**2 - o**2 + 2*o**2 - 1 - o. Let r be (1 - 1)*(-9)/(-9). Determine g(r).
-1
Let n(f) be the first derivative of 15*f**3 + 24*f + 1. Let y(z) = -9*z**2 - 5. Let p(d) = -5*n(d) - 24*y(d). Determine p(1).
-9
Let u(h) be the third derivative of -h**5/60 - h**3/3 - h**2. Let m(y) be the first derivative of u(y). Determine m(-4).
8
Let j(n) = 2*n - 13. Let g(y) = y - 6. Let s(k) = 5*g(k) - 2*j(k). Suppose -2*l + 100 = 2*l. Let h = l + -25. What is s(h)?
-4
Let t(q) = q. Let y(j) = -j**3 + 14*j**2 + j - 11. Let m be y(14). Give t(m).
3
Let d be 3/3*-2 - 9. Let c = -12 - d. Let q(r) = -8*r. What is q(c)?
8
Let n(u) = -u - 5. Suppose -10 - 4 = 2*s - 2*i, -5*s - i = 47. Let c be n(s). Let y = c - 7. Let a(v) = 2*v**2 + 2*v - 4. Determine a(y).
8
Let x(j) be the third derivative of j**5/60 - j**4/8 - 5*j**3/6 - 14*j**2. Calculate x(6).
13
Let y(j) = -2*j**2 + 2*j - 1. Suppose 2*l = l + 2. Suppose 3*z - l = 1. Suppose 3*s + 2 = -2*a, 2*s + 5*a = -15 - z. Calculate y(s).
-5
Let w(r) = r**2 - 6*r + 2. Suppose -3*t - 15 = -2*d, 7*t + 18 = d + 2*t. Suppose 7*z - d*z - 24 = 0. Calculate w(z).
2
Suppose 5*c + v = 227, -3*c = -8*c + v + 233. Let r(u) = 47*u - c*u + 0 - 3. Suppose 9 = -3*x, 0 = -2*a + 3*a - 3*x - 9. Calculate r(a).
-3
Let u(i) = i**2 + 5*i - 2. Let z be u(-6). Let r = 5 - 5. Let o = z + r. Let g(t) = t**2 - 3*t + 1. Give g(o).
5
Let i(w) = -3*w - 12 + w**3 - 2*w**2 - w**2 + 14. Suppose -3*n = -4 - 5. Determine i(n).
-7
Suppose 8*p - 6*p = 4. Let y(u) = -8*u**2 - 5*u + 2*u + u**3 + 18*u**2 - 7 - 5*u**p. Let x be 1/(-4) - 19/4. What is y(x)?
8
Let c(m) be the second derivative of 1/2*m**2 + 0 + 6*m + 1/6*m**3. Calculate c(4).
5
Suppose 0 = 4*c + c + 3*a - 17, -2*a = 5*c - 13. Let k be (18/c)/(2/2). Let z = 13 - k. Let v(u) = -u - 5. Determine v(z).
0
Suppose -17*a = -15*a - 14. Let l(s) = s. Determine l(a).
7
Let y(c) = c**2 + 2*c - 2. Suppose 0 = -3*a - 12, -2*u = u + a - 2. Calculate y(u).
6
Let c(z) be the third derivative of -z**4/24 - 11*z**2. Calculate c(-1).
1
Let v(k) = -20 + 3*k + k**3 - 23 + 45 + 3*k**2. Determine v(-2).
0
Let n(l) be the first derivative of -l**4/4 - 5*l**3/3 - 3*l**2 + 18. Calculate n(-4).
8
Let j(o) = 7*o**2 + 5*o - 5. Let k(i) = 6*i**2 + 5*i - 4. Suppose -u + 4*u - 18 = 0. Let t(d) = u*k(d) - 5*j(d). What is t(-2)?
-5
Let c(n) = -n**3 - 10*n**2 + 11*n - 2. Let p be c(-11). Let i(j) = j + 2. Determine i(p).
0
Let o(v) = -v**3 + 2*v**2 + 3*v + 1. Suppose 11*a = 6*a. Suppose a = -b - 3*k - 12, 2*b - 3*b = 4*k + 17. Calculate o(b).
1
Let b(i) be the third derivative of -i**5/24 + i**4/24 - i**3/6 + 2*i**2. Let l(k) be the first derivative of b(k). Give l(1).
-4
Let d(b) = 3*b - 2 - b + b - 3*b**2. Let t = 67 + -65. What is d(t)?
-8
Let h(j) = j**3 + j - 2. Let m(v) = -8*v + 12 - v**2 + v**3 - 3*v - 8*v**2 + 0*v**3. Let a be m(10). Let g be (a - -1)/3 - 1. Determine h(g).
-2
Let w(k) be the second derivative of -k**6/180 - k**5/40 - k**4/12 - k**3/6 - 4*k. Let t(i) be the second derivative of w(i). Calculate t(-3).
-11
Let o(g) = -5*g**3 - 8*g**2 + 7*g + 6. Let z(c) = -6*c**3 - 9*c**2 + 7*c + 6. Let i(n) = 5*o(n) - 4*z(n). Calculate i(-5).
-4
Let h(w) = 2*w**3 + 3*w**2 - 4*w - 2. Let m = -98 + 95. What is h(m)?
-17
Let f(n) = 9*n**3 - n**2 + 1. Let x = -17 - -16. Determine f(x).
-9
Let i(k) = 5*k + 5. Let h(t) = -11*t - 8. Let x(m) = -3*h(m) - 5*i(m). Determine x(-1).
-9
Let d = -1 + 16. Suppose 0 = v + 4*v - d. Let p(n) = -2*n**3 - 3*n**v - 2*n**3 + n**2. What is p(-1)?
8
Suppose -2*v - 2 = -3*f, 5*v + 3*f = -0*v + 16. Let b(a) = -4 - v*a - 2*a + a + 4*a. Determine b(-4).
-8
Let t be 104/18 - 12/(-54). Let v(o) = o - 8. What is v(t)?
-2
Suppose 3*a - h = 6, a + 3*h = -0*a - 8. Let z(v) = 4*v + 1. Calculate z(a).
5
Let i(q) be the third derivative of q**5/60 + q**4/8 - 5*q**3/6 + 2*q**2 - 31. Let v = -1 - -3. Suppose -d + v*w - 2 = -0*d, 2*d + 5 = 3*w. What is i(d)?
-1
Let j(g) = -g. Suppose -3*b - 11 = 1. Let t(x) = -2. Let m(q) = b*j(q) + t(q). Calculate m(2).
6
Let s(c) = c**3 - 6*c**2 + 13*c. Let j(x) = x + 1. Let h(d) = -6*j(d) + s(d). Let k(p) = p**2 - 4*p - 7. Let m be k(6). Calculate h(m).
4
Let o = 20 - 15. Let u(w) = w**2 - 3*w - 5. Calculate u(o).
5
Let q(v) = v - 9. Let n = -4 - -6. Let b be (12/(-2))/(1 - n). What is q(b)?
-3
Suppose 4*w + 0*w = -12. Let l(n) = 2*n - 2. Let z(f) = -f + 1. Let r(i) = w*z(i) - l(i). What is r(3)?
2
Let v(s) be the third derivative of -s**5/30 + s**3/6 + 8*s**2. Determine v(-2).
-7
Let b(a) = a**3 + 3*a**2 - 4*a + 3. Let w(q) = 3*q**3 + 5*q**2 - 9*q + 5. Let c(d) = 5*b(d) - 2*w(d). Give c(5).
-5
Let t(q) = -q**3 + 5*q**2 + 2. Suppose -b + 4*b - 15 = 0. Let f be t(b). Let u(l) be the third derivative of l**4/12 - l**3/2 - l**2. What is u(f)?
1
Let q(i) be the first derivative of 5*i**2/2 - i + 1. Let k(t) = -4*t + 7. Let a(m) = m. Let r(h) = 5*a(h) + k(h). Let z be r(-6). Calculate q(z).
4
Let q = -1 - -3. Suppose n + 3 = -q*n. Let l(w) = 5*w - 1. Calculate l(n).
-6
Let k(p) be the second derivative of 2*p + 3/2*p**2 + 0 - 3/4*p**4 + 2/3*p**3. Let s(t) = 13*t**2 - 6*t - 4. Let c(z) = -7*k(z) - 5*s(z). Determine c(1).
-1
Let a(i) = -1. Let s(x) = -2*x**2 - 3*x. Suppose 0 = c - 3*m - 2, 0 = 3*c - 2*m - 0 + 1. Let g(z) = c*s(z) - 2*a(z). Let n = -3 + 1. Determine g(n).
4
Let r(l) = -l**3 + 2*l**2 - 2*l. Let o = 6 - 4. Give r(o).
-4
Let v(k) = -5*k - 4. Let x(o) = -4*o - 3. Let g(l) = 3*v(l) - 4*x(l). Determine g(-3).
-3
Let x be (1 + -2 + 1)/(-2). Let c be x/(0 - -1) - 2. Let i(t) = -t**2 + t. Give i(c).
-6
Let m(d) = -4*d**2 - d - 9. Let q(t) = t**2. Let l(b) = m(b) + 5*q(b). Let z = -21 + 36. Suppose 9*s = z*s. Give l(s).
-9
Let d(m) = -1 - m + 6 + 5*m**3 + m**2 - 4*m**3. Let a be (-3)/1 + 5 + 2. Let v be (0 + 0)*4/a. Give d(v).
5
Let d = -6 + 8. Let c be d/(-8) + 13/4. Let i(b) = 1 + c*b**3 + 3*b**2 - b - 2*b**2 - 7*b**2 - 2*b**3. Give i(6).
-5
Let q(l) = -3*